Suppose 4*g = 6*g + 20. Let a = 25 + g. Suppose -x + 0*x + a = 0. What is the remainder when 59 is divided by x?
14
Let d = -9337 - -9352. Calculate the remainder when 49 is divided by d.
4
Calculate the remainder when 65 is divided by (-31752)/(-1458) + ((-1)/(-9))/(5/10).
21
Suppose -26*a + 16465 = 63*a. Calculate the remainder when a is divided by 50.
35
Suppose 5*u = -2*v + 3*u - 546, -5*u + 303 = -v. Let a = -165 - v. Calculate the remainder when a is divided by 39.
35
Suppose 36*w + 110 = 25*w. What is the remainder when w/(-5)*98/4 is divided by 16?
1
Let h be (29/(377/39))/((-6)/4). Let g(m) = m**2 + 66. Calculate the remainder when -522*h/((-11)/(11/(-4))) is divided by g(0).
63
Let s(g) = 5*g + 4. Let q be (-27)/(-12) + (-3)/12. Suppose 2*j - 24 = -q*j. What is the remainder when s(j) is divided by 18?
16
Suppose 76 = 2*z - 5*q, -3*z - q - 5 = -102. Suppose -16*a + 9*a + 49 = 0. What is the remainder when z is divided by a?
5
Suppose -111 = -x - 40. Suppose 20*v = 103 + 37. Calculate the remainder when x is divided by 1/v + (-1503)/(-63).
23
Suppose -6*s + 12 = -3*s. Suppose g = 5*g - s. Suppose -r + 5 + g = p, 2*r = 0. Calculate the remainder when 35 is divided by p.
5
What is the remainder when 26608 is divided by (-15)/(-10) - 2 - 329/(-14)?
20
Let w = -3220 - -3510. Calculate the remainder when w is divided by 106.
78
Let h(t) = 3*t**2 - 3*t - 2. Let s be h(3). Suppose 0*q = 8*q - s. Suppose 260 = q*w + 2*w. Calculate the remainder when w is divided by 17.
14
Suppose 0 = u - 4*i - 420, 0 = 2*u + 5*i - 859 + 6. Suppose -u - 296 = -15*f. What is the remainder when f is divided by 23?
2
Let l(f) = 2*f + 2. Let m be l(-2). Calculate the remainder when (m - (2 + -2))*-15 is divided by (-550)/(-40)*(2 - 0)*16/40.
8
Let z = -4627 + 4654. What is the remainder when 883 is divided by z?
19
Suppose 356*c - 2430 = 327*c + 5690. What is the remainder when 1025 is divided by c?
185
Let o(y) = -8*y**3 - 4*y**2 + 3*y + 8. What is the remainder when o(-4) is divided by 33?
15
Let y = -4325 + 4695. Calculate the remainder when y is divided by 57.
28
Let t(h) = 153*h + 12. What is the remainder when t(0) is divided by (-7*(1 + -3))/2?
5
Let d(o) be the second derivative of -o**5/20 - 2*o**4/3 + 65*o**3/6 - 9*o**2/2 - 5*o - 3. What is the remainder when d(4) is divided by 21?
17
Suppose 0 = 174*z - 180*z + 846. Suppose 0 = -133*t + z*t - 584. Calculate the remainder when t is divided by 28.
17
Suppose -23*i = -16*i + 651. Let o = -84 - i. What is the remainder when 32 is divided by o?
5
Let j(z) = -z**3 - 34*z**2 + 244*z + 210. Calculate the remainder when 756 is divided by j(-40).
6
Suppose -2*q + 523 = -2*c - 1691, -2*c + 5570 = 5*q. Let f be 0 + 0 + 4 - 1. Calculate the remainder when (-1)/f + (q/(-6))/(-1) is divided by 47.
44
Suppose -4*f - 24 = -2*v + 16, 0 = 3*v + 5*f + 17. What is the remainder when 104 is divided by v?
2
Suppose 0 = 301*s - 321*s + 1940. What is the remainder when 386 is divided by s?
95
Let r(g) = -5*g - 17. Let z = 6 + -19. What is the remainder when r(z) is divided by 26?
22
Calculate the remainder when 2472/3 + (-9)/((-45)/(-35)) is divided by 117.
115
Let v = 425 + -282. Let j = 154 - v. Calculate the remainder when 94 is divided by j.
6
Suppose 84 = -6*x + 90. Let w(l) = 22*l - 4. What is the remainder when 68 is divided by w(x)?
14
Suppose -3*s + 23 = s + w, 0 = -s + 2*w + 8. Let i(n) = n**2 - 8*n + 23. Calculate the remainder when i(8) is divided by s.
5
Let b(i) = -53*i + 698. Calculate the remainder when 80 is divided by b(13).
8
Suppose -9*l + 13*l - 289 = 5*b, -5*l + 335 = -b. Suppose -4*g = m + l - 456, 5*g - m = 483. Calculate the remainder when g is divided by 11.
9
Let j(i) = 2*i - 33. Let a be j(17). What is the remainder when (12/(-8))/(a/(-58)) is divided by (-1 - -4)/((-45)/(-465))?
25
Let h(a) = -23*a + 7. Let u be h(-2). Let f = u + -45. Suppose 2*j - 32 = -2*t + 5*j, 0 = t - 4*j - 21. Calculate the remainder when t is divided by f.
5
Let i(d) be the first derivative of -d**4/4 + 19*d**3/3 - 15*d**2 + 30*d + 37. What is the remainder when i(17) is divided by 11?
10
Let a(h) = h**2 - 3*h - 11. Calculate the remainder when (-3 + 2)*(-1 - 12) is divided by a(-3).
6
Let s(o) = 17*o - 2. Let c be s(5). Let m = -8 + c. Suppose 105 + m = 3*n. What is the remainder when n is divided by 21?
18
Suppose 0 = -2*g - 4, -5*h - 3*g + 4*g - 13 = 0. Let i be -22 - h*10/(-15). Let y = i - -35. Calculate the remainder when 28 is divided by y.
6
Let d = -1334 + 1670. Calculate the remainder when d is divided by 89.
69
Calculate the remainder when (-1806)/9*((-34)/12 + (-64)/(-48)) is divided by 24.
13
Suppose 3*f = 5*k - 858, 0 = 4*k - 4*f + 34781 - 35485. Let d(m) = -6*m + 1. Calculate the remainder when k is divided by d(-7).
36
Suppose 0 = -2*u + 15 + 3. Suppose -16*c - 5*c = -11256. Let h = c + -514. What is the remainder when h is divided by u?
4
Let t(b) = 38 + 54*b - 50*b + 10. Let r be t(-12). Suppose r = -f + 10 - 1. What is the remainder when 26 is divided by f?
8
Let r = 41 + -2. Suppose -r*v + 810 = -42*v. Let c = 400 + v. What is the remainder when c is divided by 33?
31
Suppose v = -0*u + 5*u - 65, v - 39 = -3*u. Suppose -184 = -3*s + w, -u*s + 306 = -8*s - w. What is the remainder when 178 is divided by s?
56
Let a(q) = q**3 + 48*q**2 - 103*q - 318. Calculate the remainder when a(-41) is divided by 55.
52
Suppose 0 = -3*i + 9 + 174. What is the remainder when 235 is divided by i?
52
Suppose -4527 + 2544 = -51*o + 4341. What is the remainder when 2104 is divided by o?
120
Suppose 32*b - 28*b = -24. Let c be 0 + (-7 - (-12)/4 - -1). Calculate the remainder when 52 is divided by (1 - (0 - c))*81/b.
25
What is the remainder when 1708 is divided by 252/48*20 + 2?
103
Let j(s) = -s**2 + 5*s + 136. Let h be j(0). Suppose -260 = h*n - 141*n. Calculate the remainder when 415 is divided by n.
51
Let u = -7 + 15. Suppose -a - g = -2*a + 64, 4*a - 249 = -3*g. Suppose -5*b + a = u. What is the remainder when 52 is divided by b?
8
Suppose -2*b - 276 = -2*t, 114 = t + 3*b - 24. Suppose 23 = -5*d + t. What is the remainder when d is divided by (-5 - 18/(-4))*-26?
10
What is the remainder when 726 is divided by 4/(-1) + (394 - 219)?
42
Suppose q - 3*x - 42 = 0, -3*q + 0*q - 5*x + 154 = 0. Let h = 59 - q. Suppose -80 - 129 = -h*l. Calculate the remainder when 30 is divided by l.
11
Let w = -100 - -110. Suppose -p + 5*c - c = -15, 0 = -2*p + 2*c. What is the remainder when ((-1)/2)/(p/270) is divided by w?
7
Suppose -7*x + 9*x = 4*f - 476, 357 = 3*f + x. Suppose -f*c + 120*c = 58. Calculate the remainder when c is divided by 5.
3
Let n(j) = -j**2 - 24*j - 45. Let f be n(-22). Let l(c) = 122*c**2 + 8*c + 9. What is the remainder when l(f) is divided by 62?
61
Let q = 8130 - 7850. Calculate the remainder when q is divided by 20.
0
Let f = 0 - -31. Let i be (64/20)/(2/(-10)). Let a(y) = -y**2 - 16*y + 17. What is the remainder when f is divided by a(i)?
14
Suppose 0*l = -l + 4, -2*f - l + 2 = 0. Calculate the remainder when ((-6)/(-48)*92)/(f/(-18)) is divided by 42.
39
Let c be (40/120)/((-2)/(-156)). Suppose -5*s + c + 789 = 0. Calculate the remainder when s is divided by 82.
81
Let f = 57 - 30. Suppose 4*p - 442 = -386. Calculate the remainder when f is divided by p.
13
Suppose 4*f - 12 = -0*f - 4*l, -12 = -2*f + l. What is the remainder when 15*f/(75/84) is divided by 30?
24
What is the remainder when (-9334)/(-52)*(-4)/(-2) is divided by 79?
43
Suppose -l + 5*x = -308, -3*x = 9 - 15. What is the remainder when l is divided by 95?
33
What is the remainder when 142472/880 - 2*1/(-20) is divided by (4/3)/(4/102)?
26
Suppose 3*c - 2772 = c - 4*w, -w = 4. Calculate the remainder when c is divided by 127.
124
Let l = -57 + 30. Let x = 50 + l. Let z = 135149 - 134991. Calculate the remainder when z is divided by x.
20
Let a(c) = 4*c**2 - 332*c - 999. What is the remainder when a(87) is divided by 1/(-3) + 151/3?
43
Let u = 114 - 63. Let y be (15/5 - -3) + 499. Suppose -3*j = -3*x - 95 - y, -4*x = 5*j - 1018. What is the remainder when j is divided by u?
49
Suppose -v + 263 = 5*d, -13*d - 1420 = -5*v - 17*d. Suppose 64 + 6 = q + 3*f, -5*q = -4*f - 274. Calculate the remainder when v is divided by q.
56
Calculate the remainder